(110 - 95).
16
Evaluate -15 - (-25 + 12) - -10 - 32.
-24
Evaluate -11 - ((1 + -44 - -23) + -23).
32
(-13 - -8 - -5) + (6 - 5 - 49) + -2
-50
What is -1 - -62 - ((-136 - -114) + -3 + 20)?
66
Calculate 22 - -1 - (134 - 103) - (1 - 7).
-2
Evaluate 41 + (-2 - 42) + -10 + -1 + 2.
-12
Evaluate -21 + -25 + (81 - (-11 - -17)).
29
Evaluate (-6 - -3 - 68) + 0 + (49 + -27 - 21).
-70
Calculate (21 - -31) + -42 + (2 - 17) - -31.
26
What is 36 + (-21 - 79 - 4)?
-68
What is the value of (-2 + -1 - 1) + -3 - (6 + 4 + -11)?
-6
(-388 - -358) + -2 + 2 + (6 - 7)
-31
Evaluate 120 + (41 - 132 - 12).
17
What is the value of 160 + -50 + 24 + -74?
60
What is 6 + 1 + -6 + (-6 + 14 - 2) + -10?
-3
What is 9 + -4 + -12 + -45 - (-13 + 8 - -9)?
-56
What is -1 + 2 + -9 + 19 + -12 + 14?
13
Evaluate 272 + -152 + -109 - (-79 + 1).
89
What is the value of 429 + -427 + (-15 - -10 - 1)?
-4
Calculate -2 + 14 + (23 - (-3 - -16)) + -7 + 74.
89
Calculate 30 + -26 - (-2 + 15 - 7) - -52.
50
What is -16 - ((-2 - 25) + (-152 - -185) + -1 + -1)?
-20
Evaluate 7 + -1 - ((-1 - 25) + (40 - (19 + 14))).
25
Evaluate -4 - (14 + (-30 - -16)).
-4
What is (-1 - 4 - -7) + (42 - 29) + -42?
-27
Calculate (54 - 62) + 56 - 99.
-51
Calculate 172 - 182 - (-1 + -2 - (-28 + 3)).
-32
-69 - -1 - (43 + 7 + -67)
-51
Calculate 7 + -50 - -8 - 2 - -18.
-19
Evaluate 4 + 0 + -318 + 328 - -15.
29
Evaluate 18 + (14 + (0 - 7) - (4 - 2)).
23
42 + -1 + (-646 - -504) + 25
-76
Evaluate (-6 - (6 + -3)) + -8 + 20 + 13.
16
Calculate -20 - (-54 + (-24 - 5 - -12)).
51
What is 105 + -23 + -50 + 56?
88
What is the value of 2 + -8 + (-84 - (-49 - 67))?
26
Calculate 2 - 3 - -14 - ((-4 - 23) + 34).
6
Calculate (-2 - 5) + (-19 - -13) + (-21 - 56) + 3.
-87
What is the value of 0 + -13 + 3 - (-54 + 3 - (-21 + 14))?
34
Calculate -19 + (-31 - -51 - (-7 - -18)).
-10
Evaluate -23 - (3 + (-10 - (-11 - 0) - 17)).
-10
What is -42 + 168 + -49 + -157?
-80
(-91 - -43) + 44 + 25
21
Evaluate -3 - (22 + 37 + -26 + -116).
80
What is the value of 14 + (-25 + -4 - 41)?
-56
Evaluate -2698 + 2747 - (63 - -1).
-15
Evaluate 228 + -222 - (4 + -2 + 0) - (0 + -35).
39
What is the value of -67 + 9 + 80 + -22 + -1?
-1
-1 - -22 - (-7 - (-97 - -40))
-29
What is the value of (-2 - (6 - -8 - 21)) + -17 + 35?
23
22 - (3 + -3) - (-602 + 600)
24
(82 - 62 - -4) + 8
32
-132 - (9 + (77 - 145))
-73
What is -20 - -45 - 2 - (-54 + -2)?
79
What is -9 + (-4 - -10 - (-60 - (17 + -15)))?
59
What is the value of 55 + (7 + -19 - (160 - 127))?
10
What is -80 + 3 - (-2412 + 2407)?
-72
What is 27 + 4 + (225 - 243) - -22?
35
Evaluate -737 + 764 - (5 - (6 - 113)).
-85
Calculate -8 - -17 - (39 + -25 + -96 - -14).
77
Calculate (-7 - -16) + 0 + (5 + -10 - 7) - -4.
1
Calculate 230 - 212 - (45 + (-2 - -13)).
-38
Evaluate (-2 - -1) + -8 + (-2 - -28) - -9.
26
What is 180 + -14 + -73 + -48?
45
Calculate (-30 - -17) + 11 - (4 - (6 - 2)) - 15.
-17
3562 + -3591 - (-1 + -19)
-9
What is the value of 16 - ((-310 + 276 - (-13 - 1)) + 6)?
30
What is the value of -36 + (7 - -3 - (1 + (12 + 1 - 3)))?
-37
-29 + (-29 - (3 - 45))
-16
((129 - 83) + -49 - (0 - -46)) + 13
-36
What is -64 - -3 - (-16 + -21 + 49 + -28)?
-45
(31 - (-3 - -23) - (26 + 0)) + 5 + -75
-85
What is the value of (-37 - -80) + -61 - (-5 + 2)?
-15
-2 + -42 + 12 + 33 + -68
-67
(-119 - -122) + -15 + 34
22
Evaluate 1 - (-1 + 3 + 8) - (2 + -3).
-8
Calculate (-2 + 3 - 6) + 229 + -248 + 2.
-22
What is 0 + 9 + -101 + 85 + -4 + (17 - 9)?
-3
Evaluate (25 - (-29 + 66)) + (4 - 13).
-21
What is the value of -30 + (-17 - (-24 - (-22 - 3)))?
-48
-33 + (9 - -27) - (2 - 20)
21
What is the value of 4 - (-4 - -4) - (62 - 110)?
52
What is (6 - ((9 - -1) + -3)) + (28 + 28 - -15)?
70
Calculate 3 - 6 - -1 - (-22 + 6 + -26).
40
7 + 15 + (36 - 13)
45
What is the value of 4 + 0 + (3333 - 3262)?
75
Evaluate -3 - (51 + -52 + -28).
26
Evaluate 30 - (2 - 10) - (8 - (20 - 21)).
29
Calculate (-121 - -241) + -234 - (-45 + 0).
-69
What is 12 + 0 - (80 + -83 - -50)?
-35
Evaluate -60 + (-30 - -29 - (-7 + 16 - 8)).
-62
-49 + 7 + 47 - 58
-53
Calculate 91 - ((-19 - -123) + -17).
4
What is -77 - (-146 + 32) - (12 - (0 + -1))?
24
13 + (-53 - 0 - (15 - -10 - (-22 - -54)))
-33
Evaluate 51 - 0 - (-42 + 52) - -16.
57
Calculate (-1 - (-13 + 3)) + (20 - (0 + -5)).
34
-12 + (-27 - (2 + -45))
4
What is -6 - (31 - (99 + 0 + 13))?
75
What is (21 + -25 - -8) + (-4 - 13) - 12?
-25
What is (2 + 0 - 6) + 57 + -5 + -47 + 22?
23
Calculate 102 - ((-153 - -48) + 179).
28
Calculate (-21 - -2) + 9 + -26.
-36
13 - -19 - 2 - 9 - (2 + 10) - -58
67
Calculate 20 + (-74 - (-75 - 12)).
33
What is the value of (3 - -18) + -1 + (31 + -23 - 15)?
13
What is -2 + 7 - (114 + (-10 - 4) + -6 + 6)?
-95
Evaluate (1554 - 1627) + (75 - 0).
2
Calculate (27 - 82) + 10 + -5 - 0 - -1.
-49
What is the value of -1 + 37 + (7 - (-11 - -10 - -18)) + 3?
29
What is the value of (-4 - -5) + ((79 - 7 - 11) + 12 - 7)?
67
(28 - 24) + -1 + 35 + (13 - 19 - -18)
50
36 - 20 - (0 + 13 + -5 - 8)
16
What is 35 + -69 + 59 - 81?
-56
What is the value of -66 + 4 - (130 + -248)?
56
Evaluate 29 - ((8 - -31) + 38 - -8).
-56
Calculate 51894 - 51852 - ((1 - -37) + -1).
5
What is 48 + (0 - -1) + -70 + 92 + -22?
49
Calculate (5 - (-4 - -8)) + 1 + -7 - (-11928 - -11926).
-3
Calculate (-26 - -27) + 10 - (-36 - -7).
40
18 + (5 - 2) + -92 + 2 + -2
-71
What is the value of (1 - 12) + -22 + 1 + 185 + -201 - 8?
-56
Evaluate 69 + (-45 - (-20 + 68)).
-24
What is 106 + 10 + -35 + -45?
36
-1 + 32 + 3 + -75
-41
What is 97 - -4 - (-1432 - -1579)?
-46
Evaluate (2 - -2 - 7 - (-2 - -1)) + (1353 - 1323).
28
What is 87 + 0 + (3200 - 3273)?
14
Evaluate (9 + -2 - 8) + -10 - (2 + -18).
5
Calculate (-123 - 34) + -21 + 109.
-69
Calculate (11 - 4) + -5 - 13 - 0 - (2 + 44).
-57
What is (62 - -3) + 8 + -16 - -18?
75
Evaluate -26 - (3 - 21 - -10) - (4 + 2).
-24
Calculate (-1154 - -1121 - (1 + -50)) + 91.
107
Evaluate -59 + 6 + (72 - 45) + -51.
-77
-6 + 64 + -20 + (-4 - 3) + 6
37
Calculate 18 + (5 - (-24 - -15 - 23)).
55
(53 - 2) + -2 + (-24 + -4 + 53 - 27)
47
What is the value of -10 - (56 - -41) - -57?
-50
What is the value of 17 - (((-11 - -21) + -13 - 37) + 6)?
51
Calculate -52 - (21 - (-20 + (-2 - -27))).
-68
Calculate -60 - (-25 - -49 - 73).
-11
Calculate (-3 + 41 - (-3 + 36 + -24)) + -10 + 9.
28
87 - 28 - 79 - (-4 + -2) - 36
-50
(37 - 3) + (1091 - 1166)
-41
Calculate 250 - 185 - (-4 - -41).
28
What is -45 + (-13 - (5 + -21) - (2 - 14))?
-30
What is -16 + 10 + -51 + -9 + -1 + 4?
-63
Calculate 19 + -5 - (6 + 0 + -62 + 66).
4
What is 15 + -8 - 48 - (158 + -135)?
-64
Evaluate (-73 + (-23 - -59) - -27) + -75.
-85
40 + (65 - 43 - (139 - -9))
-86
Calculate (379 - (790 - 303)) + (-1 - -21).
-88
What is the value of (22 - 102) + 17 + -37 + 44?
-56
What is the value of -1 + 5 + -1 + (2 - 4) + (61 - 3)?
59
What is -63 + -81 + 53 + 71?
-20
What is (-1 + -10 + 14 - -1) + (-63 - 1) + -4?
-64
Evaluate 18 + -37 + 30 + 11 - -59.
81
-90 + -44 + (44 - 24 - 17) + 17
-114
Evaluate -43 - (56 - 64 - 12).
-23
What is (-35 - 53 - -34) + 88?
34
Calculate 26 + (-136 - (24 + -77 - -28)).
-85
What is the value of 19 + (-34 - (-5 - 16)) + -111?
-105
Calculate 294 + -280 - (-2 - -2) - (11 + -1 - 1).
5
Evaluate 19 + -3 + 3 + 12 + 21.
52
46 + (-67 + 49 - (-18 - -7))
39
Evaluate (-2 - 30 - (-92 + 101) - -9) + -7.
-39
Evaluate -63 + 56 - 54 - -25.
-36
Calculate (2 - -4) + (7 - (11 + 4 + 81 + -6)).
-77
Calculate 53 + (-42 - (38 + -41)) - -126.
140
What is (69 - 49) + (-8 - (9 + -5 - 0))?
8
Evaluate -63 - (-15 + 10 + -10 - -3) - -12.
-39
What is 111 - (182 - 77) - -24?
30
Calculate (-14 - (-37 + 34)) + (129 - (5 - (0 - 0))).
113
Calculate 10 + -19 - (35 - (-6 + -5 + 14)).
-41
-4 + (-7 - -15) - (0 - 6 - -66 - 15)
-41
Calculate (0 + 7 - (-47 - -43) - 15) + 8 + 35.
39
-9 - ((21 - 88) + 35)
23
(25 - 1) + (16 - (13 + 12) - -21)
36
-11 - (82 - (-23 - (-20 + 14 + -10)))
-100
12 + -112 + 53 - -67
20
What is (30 - 20 - -8 - 18) + (8 - -3)?
11
Evaluate 21 + 72 + -165 + 51.
-21
What is (-77 - (-117 - -69)) + 16?
-13
Calculate (3807 - 3917 - (1 + -35)) + 1 + 7.
-68
7 - 47 - ((-2 - -1) + (-19 - -24) + 8)
-52
Evaluate (1 - 8) + (157 - 128) + (-41 - -41).
22
What is the value of 44 - 1 - (-956 + 1047)?
-48
Evaluate (-1 - -3) + -723 + 782.
61
Evaluate -201 - -223 - (-7 + -20).
49
-1 - (14 - (16 + -15 + -1 + -9))
-2